{"id":173,"date":"2020-04-28T23:42:23","date_gmt":"2020-04-28T21:42:23","guid":{"rendered":"http:\/\/chmaraimprov.com\/?page_id=173"},"modified":"2020-05-10T21:55:42","modified_gmt":"2020-05-10T19:55:42","slug":"spiewac-kazdy-moze-mission-possible","status":"publish","type":"page","link":"http:\/\/chmaraimprov.com\/index.php\/pl\/warsztaty\/warsztaty-teatralne-i-improwizacji\/spiewac-kazdy-moze-mission-possible\/","title":{"rendered":"\u015aPIEWA\u0106 KA\u017bDY MO\u017bE &#8211; MISSION POSSIBLE"},"content":{"rendered":"\n<p>\u015apiewa\u0107 ka\u017cdy mo\u017ce, Ty to zrobisz\ntak, \u017ce o Bo\u017ce! \ud83d\ude09 Podczas tego warsztatu b\u0119dziemy szlifowa\u0107\nspontaniczne tworzenie tekstu, struktury piosenek, wykony solo, w\nduetach i wiele wiele wi\u0119cej. Zabawa s\u0142owem podczas tego warsztatu\nto podstawa, a efekt b\u0119dzie musicalowy! Uwaga: Nie musisz by\u0107\nWhitney Houston czy Stingiem, \u017ceby do nas do\u0142\u0105czy\u0107. Rozbudzisz z\nnami sw\u00f3j drzemi\u0105cy potencja\u0142.<\/p>\n","protected":false},"excerpt":{"rendered":"<p>\u015apiewa\u0107 ka\u017cdy mo\u017ce, Ty to zrobisz tak, \u017ce o Bo\u017ce! \ud83d\ude09 Podczas tego warsztatu b\u0119dziemy szlifowa\u0107 spontaniczne tworzenie tekstu, struktury piosenek, wykony solo, w duetach i wiele wiele wi\u0119cej. Zabawa s\u0142owem podczas tego warsztatu to podstawa, a efekt b\u0119dzie musicalowy! Uwaga: Nie musisz by\u0107 Whitney Houston czy Stingiem, \u017ceby do nas do\u0142\u0105czy\u0107. Rozbudzisz z nami [&hellip;]<\/p>\n","protected":false},"author":1,"featured_media":0,"parent":118,"menu_order":4,"comment_status":"closed","ping_status":"closed","template":"","meta":[],"_links":{"self":[{"href":"http:\/\/chmaraimprov.com\/index.php\/wp-json\/wp\/v2\/pages\/173"}],"collection":[{"href":"http:\/\/chmaraimprov.com\/index.php\/wp-json\/wp\/v2\/pages"}],"about":[{"href":"http:\/\/chmaraimprov.com\/index.php\/wp-json\/wp\/v2\/types\/page"}],"author":[{"embeddable":true,"href":"http:\/\/chmaraimprov.com\/index.php\/wp-json\/wp\/v2\/users\/1"}],"replies":[{"embeddable":true,"href":"http:\/\/chmaraimprov.com\/index.php\/wp-json\/wp\/v2\/comments?post=173"}],"version-history":[{"count":2,"href":"http:\/\/chmaraimprov.com\/index.php\/wp-json\/wp\/v2\/pages\/173\/revisions"}],"predecessor-version":[{"id":268,"href":"http:\/\/chmaraimprov.com\/index.php\/wp-json\/wp\/v2\/pages\/173\/revisions\/268"}],"up":[{"embeddable":true,"href":"http:\/\/chmaraimprov.com\/index.php\/wp-json\/wp\/v2\/pages\/118"}],"wp:attachment":[{"href":"http:\/\/chmaraimprov.com\/index.php\/wp-json\/wp\/v2\/media?parent=173"}],"curies":[{"name":"wp","href":"https:\/\/api.w.org\/{rel}","templated":true}]}}